 factor of 41483 and 13.
13
Calculate the highest common factor of 124 and 279.
31
What is the greatest common factor of 2501 and 244?
61
Calculate the highest common factor of 15 and 33.
3
What is the greatest common factor of 475 and 130?
5
Calculate the highest common divisor of 67 and 2613.
67
Calculate the highest common factor of 188 and 16.
4
Calculate the highest common factor of 200 and 9.
1
What is the highest common divisor of 138 and 253?
23
What is the highest common factor of 344 and 8?
8
Calculate the greatest common divisor of 150 and 100.
50
Calculate the greatest common divisor of 696 and 1131.
87
What is the greatest common factor of 351 and 429?
39
Calculate the highest common divisor of 3774 and 714.
102
Calculate the highest common divisor of 22 and 594.
22
Calculate the greatest common factor of 2511 and 162.
81
What is the greatest common factor of 605 and 7986?
121
What is the highest common divisor of 31 and 961?
31
What is the greatest common divisor of 50 and 2800?
50
What is the highest common factor of 2 and 173?
1
Calculate the greatest common factor of 1545 and 1339.
103
Calculate the highest common factor of 7368 and 48.
24
Calculate the greatest common divisor of 2030 and 174.
58
Calculate the greatest common factor of 6174 and 162.
18
Calculate the highest common divisor of 1776 and 48.
48
What is the greatest common divisor of 8 and 1572?
4
What is the greatest common factor of 7910 and 35?
35
What is the greatest common factor of 26 and 3328?
26
What is the highest common factor of 2 and 647?
1
What is the highest common divisor of 80 and 120?
40
What is the highest common divisor of 989 and 43?
43
What is the highest common factor of 42 and 2286?
6
What is the greatest common factor of 200 and 225?
25
What is the highest common factor of 70 and 16415?
35
Calculate the highest common divisor of 36 and 135.
9
Calculate the greatest common divisor of 688 and 43.
43
Calculate the greatest common factor of 13 and 299.
13
What is the greatest common factor of 1 and 297?
1
What is the greatest common factor of 611 and 141?
47
Calculate the greatest common factor of 24 and 3606.
6
Calculate the highest common divisor of 26 and 13793.
13
What is the highest common divisor of 55 and 990?
55
Calculate the greatest common factor of 7 and 52668.
7
What is the highest common factor of 814 and 888?
74
What is the highest common factor of 221 and 272?
17
Calculate the highest common divisor of 1083 and 399.
57
Calculate the greatest common factor of 495 and 27.
9
Calculate the greatest common divisor of 2501 and 41.
41
What is the highest common factor of 51 and 255?
51
What is the greatest common divisor of 44 and 16?
4
What is the highest common factor of 42 and 24?
6
What is the greatest common factor of 62 and 1550?
62
What is the highest common factor of 98 and 1078?
98
What is the highest common factor of 192 and 264?
24
What is the greatest common divisor of 51 and 45?
3
Calculate the greatest common divisor of 1292 and 152.
76
What is the highest common factor of 180 and 108?
36
What is the greatest common divisor of 10458 and 83?
83
What is the highest common divisor of 81 and 225?
9
Calculate the greatest common factor of 460 and 100.
20
Calculate the greatest common divisor of 2970 and 110.
110
What is the greatest common divisor of 110 and 220?
110
Calculate the highest common divisor of 11240 and 20.
20
What is the highest common divisor of 27 and 183?
3
What is the greatest common factor of 16 and 198?
2
Calculate the highest common divisor of 100 and 60.
20
Calculate the highest common divisor of 1632 and 1496.
136
Calculate the highest common divisor of 209 and 171.
19
Calculate the greatest common factor of 91 and 663.
13
Calculate the greatest common factor of 146 and 2263.
73
Calculate the greatest common divisor of 212 and 8.
4
What is the greatest common divisor of 369 and 9?
9
What is the highest common factor of 151 and 15553?
151
What is the highest common factor of 21681 and 438?
219
What is the greatest common divisor of 5 and 7405?
5
What is the highest common divisor of 1 and 59?
1
Calculate the greatest common factor of 24 and 576.
24
What is the highest common divisor of 11 and 88?
11
What is the highest common factor of 243 and 27?
27
What is the greatest common factor of 101 and 6161?
101
What is the highest common divisor of 4716 and 108?
36
What is the greatest common divisor of 507 and 5889?
39
Calculate the highest common factor of 121 and 605.
121
What is the greatest common factor of 224 and 108?
4
Calculate the greatest common divisor of 71 and 4331.
71
Calculate the greatest common factor of 1963 and 151.
151
Calculate the greatest common factor of 40 and 1280.
40
Calculate the highest common divisor of 670 and 10.
10
Calculate the highest common divisor of 299 and 161.
23
Calculate the highest common factor of 24 and 36.
12
What is the highest common factor of 437 and 69?
23
What is the highest common divisor of 68 and 2550?
34
What is the greatest common factor of 328 and 424?
8
Calculate the highest common divisor of 7368 and 72.
24
What is the highest common factor of 17 and 10081?
17
What is the greatest common divisor of 880 and 121?
11
Calculate the highest common factor of 990 and 810.
90
Calculate the greatest common factor of 5724 and 252.
36
Calculate the greatest common factor of 39 and 10114.
13
Calculate the greatest common factor of 3616 and 1130.
226
What is the highest common divisor of 14 and 3472?
14
Calculate the highest common divisor of 189 and 882.
63
What is the highest common divisor of 3 and 1857?
3
What is the highest common factor of 52 and 156?
52
Calculate the highest common divisor of 99 and 2.
1
What is the greatest common divisor of 153 and 7599?
51
What is the greatest common factor of 256 and 208?
16
Calculate the greatest common divisor of 99 and 88.
11
Calculate the highest common factor of 1377 and 243.
81
Calculate the highest common factor of 1192 and 344.
8
Calculate the highest common divisor of 1080 and 160.
40
What is the greatest common factor of 189 and 5229?
63
Calculate the highest common factor of 6 and 492.
6
What is the greatest common factor of 615 and 15?
15
Calculate the highest common divisor of 1023 and 93.
93
Calculate the greatest common divisor of 87 and 9483.
87
Calculate the highest common divisor of 320 and 18080.
160
What is the highest common factor of 165 and 429?
33
What is the highest common factor of 663 and 117?
39
Calculate the highest common factor of 30 and 285.
15
What is the highest common divisor of 8 and 38?
2
Calculate the highest common divisor of 106 and 265.
53
What is the highest common factor of 426 and 6?
6
Calculate the greatest common factor of 299 and 13.
13
What is the greatest common factor of 22 and 891?
11
What is the highest common divisor of 306 and 6?
6
What is the highest common factor of 169 and 26?
13
What is the highest common divisor of 75 and 240?
15
Calculate the greatest common divisor of 10846 and 119.
17
Calculate the greatest common factor of 522 and 6.
6
Calculate the highest common divisor of 198 and 522.
18
Calculate the highest common factor of 68 and 748.
68
What is the highest common divisor of 320 and 5?
5
What is the highest common factor of 5 and 239?
1
Calculate the greatest common divisor of 2236 and 16.
4
What is the greatest common factor of 38 and 247?
19
What is the greatest common factor of 377 and 169?
13
Calculate the greatest common divisor of 29 and 725.
29
Calculate the greatest common divisor of 476 and 14.
14
Calculate the greatest common divisor of 20 and 190.
10
Calculate the highest common divisor of 15 and 1315.
5
What is the greatest common divisor of 5822 and 41?
41
Calculate the greatest common factor of 2673 and 363.
33
What is the greatest common factor of 989 and 817?
43
What is the greatest common divisor of 684 and 126?
18
Calculate the greatest common divisor of 364 and 504.
28
What is the greatest common factor of 3713 and 79?
79
Calculate the greatest common divisor of 1442 and 42.
14
Calculate the greatest common factor of 4 and 44.
4
What is the greatest common factor of 9 and 99?
9
What is the highest common divisor of 568 and 48?
8
Ca